{"id":27,"date":"2022-05-15T17:03:52","date_gmt":"2022-05-15T15:03:52","guid":{"rendered":"http:\/\/mnqmhwm.cluster031.hosting.ovh.net\/?page_id=27"},"modified":"2022-08-14T19:26:48","modified_gmt":"2022-08-14T17:26:48","slug":"pedicure-medyczny","status":"publish","type":"page","link":"https:\/\/podologmed.pl\/index.php\/pedicure-medyczny\/","title":{"rendered":"PEDICURE MEDYCZNY"},"content":{"rendered":"[et_pb_section fb_built=&#8221;1&#8243; admin_label=&#8221;section&#8221; _builder_version=&#8221;4.16&#8243; global_colors_info=&#8221;{}&#8221;][et_pb_row admin_label=&#8221;row&#8221; _builder_version=&#8221;4.16&#8243; background_size=&#8221;initial&#8221; background_position=&#8221;top_left&#8221; background_repeat=&#8221;repeat&#8221; global_colors_info=&#8221;{}&#8221; column_structure=&#8221;1_2,1_2&#8243;][et_pb_column _builder_version=&#8221;4.17.6&#8243; _module_preset=&#8221;default&#8221; type=&#8221;1_2&#8243;][et_pb_text _builder_version=&#8221;4.17.6&#8243; _module_preset=&#8221;default&#8221; hover_enabled=&#8221;0&#8243; sticky_enabled=&#8221;0&#8243;]<h1>Pedicure medyczny<\/h1>[\/et_pb_text][et_pb_image src=&#8221;https:\/\/podologmed.pl\/wp-content\/uploads\/2022\/08\/Pedicure-medyczny-1.png&#8221; _builder_version=&#8221;4.17.6&#8243; _module_preset=&#8221;default&#8221; theme_builder_area=&#8221;post_content&#8221; hover_enabled=&#8221;0&#8243; sticky_enabled=&#8221;0&#8243;][\/et_pb_image][\/et_pb_column][et_pb_column type=&#8221;1_2&#8243; _builder_version=&#8221;4.16&#8243; custom_padding=&#8221;|||&#8221; global_colors_info=&#8221;{}&#8221; custom_padding__hover=&#8221;|||&#8221;][et_pb_text admin_label=&#8221;Text&#8221; _builder_version=&#8221;4.16&#8243; background_size=&#8221;initial&#8221; background_position=&#8221;top_left&#8221; background_repeat=&#8221;repeat&#8221; global_colors_info=&#8221;{}&#8221;]<p><\/p>\n<p>Pedicure medyczny to kompleksowy zabieg polegaj\u0105cy na usuni\u0119ciu wszelkich patologicznych zrogowace\u0144 obecnych na sk\u00f3rze st\u00f3p b\u0119d\u0105cych wynikiem nadmiernego obci\u0105\u017cenia, przeci\u0105\u017cenia stopy, nieprawid\u0142owej piel\u0119gnacji czy wsp\u00f3\u0142istniej\u0105cych chor\u00f3b.<\/p>\n<p><\/p>\n<p><\/p>\n<p><br \/>Przebieg zabiegu:<br \/>-konsultacja podologiczna<\/p>\n<ul>\n<li>dezynfekcja sk\u00f3ry<\/li>\n<li>usuni\u0119cie hiperkeratoz skalpelem\/frezark\u0105<\/li>\n<li>obci\u0119ciu i oszlifowaniu paznokci, oczyszczeniu wa\u0142\u00f3w paznokciowych<\/li>\n<li>wmasowanie preparatu leczniczego w sk\u00f3r\u0119 st\u00f3p i paznokci<\/li>\n<li>dob\u00f3r preparat\u00f3w do samodzielnej piel\u0119gnacji w domu<\/li>\n<\/ul>\n<p><\/p>[\/et_pb_text][\/et_pb_column][\/et_pb_row][\/et_pb_section]","protected":false},"excerpt":{"rendered":"<p>Pedicure medyczny Pedicure medyczny to kompleksowy zabieg polegaj\u0105cy na usuni\u0119ciu wszelkich patologicznych zrogowace\u0144 obecnych na sk\u00f3rze st\u00f3p b\u0119d\u0105cych wynikiem nadmiernego obci\u0105\u017cenia, przeci\u0105\u017cenia stopy, nieprawid\u0142owej piel\u0119gnacji czy wsp\u00f3\u0142istniej\u0105cych chor\u00f3b. Przebieg zabiegu:-konsultacja podologiczna dezynfekcja sk\u00f3ry usuni\u0119cie hiperkeratoz skalpelem\/frezark\u0105 obci\u0119ciu i oszlifowaniu paznokci, oczyszczeniu wa\u0142\u00f3w paznokciowych wmasowanie preparatu leczniczego w sk\u00f3r\u0119 st\u00f3p i paznokci dob\u00f3r preparat\u00f3w do samodzielnej [&hellip;]<\/p>\n","protected":false},"author":1,"featured_media":0,"parent":0,"menu_order":0,"comment_status":"closed","ping_status":"closed","template":"","meta":{"_et_pb_use_builder":"on","_et_pb_old_content":"<!-- wp:paragraph -->\n<p>Pedicure medyczny to kompleksowy zabieg polegaj\u0105cy na usuni\u0119ciu wszelkich patologicznych zrogowace\u0144 obecnych na sk\u00f3rze st\u00f3p b\u0119d\u0105cych wynikiem nadmiernego obci\u0105\u017cenia, przeci\u0105\u017cenia stopy, nieprawid\u0142owej piel\u0119gnacji czy wsp\u00f3\u0142istniej\u0105cych chor\u00f3b.<\/p>\n<!-- \/wp:paragraph -->\n\n<!-- wp:paragraph -->\n<p><br>Przebieg zabiegu:<br>-konsultacja podologiczna<\/p>\n<!-- \/wp:paragraph -->\n\n<!-- wp:list -->\n<ul><li>dezynfekcja sk\u00f3ry<\/li><li>usuni\u0119cie hiperkeratoz skalpelem\/frezark\u0105<\/li><li>obci\u0119ciu i oszlifowaniu paznokci, oczyszczeniu wa\u0142\u00f3w paznokciowych<\/li><li>wmasowanie preparatu leczniczego w sk\u00f3r\u0119 st\u00f3p i paznokci<\/li><li>dob\u00f3r preparat\u00f3w do samodzielnej piel\u0119gnacji w domu<\/li><\/ul>\n<!-- \/wp:list -->","_et_gb_content_width":""},"_links":{"self":[{"href":"https:\/\/podologmed.pl\/index.php\/wp-json\/wp\/v2\/pages\/27"}],"collection":[{"href":"https:\/\/podologmed.pl\/index.php\/wp-json\/wp\/v2\/pages"}],"about":[{"href":"https:\/\/podologmed.pl\/index.php\/wp-json\/wp\/v2\/types\/page"}],"author":[{"embeddable":true,"href":"https:\/\/podologmed.pl\/index.php\/wp-json\/wp\/v2\/users\/1"}],"replies":[{"embeddable":true,"href":"https:\/\/podologmed.pl\/index.php\/wp-json\/wp\/v2\/comments?post=27"}],"version-history":[{"count":3,"href":"https:\/\/podologmed.pl\/index.php\/wp-json\/wp\/v2\/pages\/27\/revisions"}],"predecessor-version":[{"id":916,"href":"https:\/\/podologmed.pl\/index.php\/wp-json\/wp\/v2\/pages\/27\/revisions\/916"}],"wp:attachment":[{"href":"https:\/\/podologmed.pl\/index.php\/wp-json\/wp\/v2\/media?parent=27"}],"curies":[{"name":"wp","href":"https:\/\/api.w.org\/{rel}","templated":true}]}}