{"id":81,"date":"2022-05-22T18:09:51","date_gmt":"2022-05-22T16:09:51","guid":{"rendered":"https:\/\/podologmed.pl\/?page_id=81"},"modified":"2022-10-16T19:18:21","modified_gmt":"2022-10-16T17:18:21","slug":"wrastajace-paznokcie","status":"publish","type":"page","link":"https:\/\/podologmed.pl\/index.php\/wrastajace-paznokcie\/","title":{"rendered":"WRASTAJ\u0104CE PAZNOKCIE"},"content":{"rendered":"[et_pb_section fb_built=&#8221;1&#8243; admin_label=&#8221;section&#8221; _builder_version=&#8221;4.16&#8243; global_colors_info=&#8221;{}&#8221;][et_pb_row admin_label=&#8221;row&#8221; _builder_version=&#8221;4.16&#8243; background_size=&#8221;initial&#8221; background_position=&#8221;top_left&#8221; background_repeat=&#8221;repeat&#8221; global_colors_info=&#8221;{}&#8221;][et_pb_column type=&#8221;4_4&#8243; _builder_version=&#8221;4.16&#8243; custom_padding=&#8221;|||&#8221; global_colors_info=&#8221;{}&#8221; custom_padding__hover=&#8221;|||&#8221;][et_pb_text admin_label=&#8221;Text&#8221; _builder_version=&#8221;4.16&#8243; background_size=&#8221;initial&#8221; background_position=&#8221;top_left&#8221; background_repeat=&#8221;repeat&#8221; global_colors_info=&#8221;{}&#8221;]\n<p><strong>Co to jest wrastaj\u0105cy paznokie\u0107?<br><\/strong>Wrastaj\u0105cy paznokie\u0107 to stan w kt\u00f3rym paznokie\u0107 wbija si\u0119 (wrasta) w wa\u0142 paznokciowy w wyniku czego dochodzi cz\u0119sto do stan\u00f3w zapalnych, wysi\u0119k\u00f3w ropnych, a przy przed\u0142u\u017conym gojeniu nawet do powstania hipergranulacji tzw. \u201e dzikiego mi\u0119sa\u201d . Kto mia\u0142 cho\u0107 raz problem z wrastaj\u0105cym paznokciem dok\u0142adnie wie jak potrafi utrudni\u0107 codzienne funkcjonowanie. Bolesno\u015b\u0107 kt\u00f3ra towarzyszy wrastaniu , pacjenci cz\u0119sto opisuj\u0105 jako promieniuj\u0105c\u0105 a\u017c do m\u00f3zgu. Wrastaj\u0105cy paznokcie\u0107 mo\u017ce by\u0107 zdarzeniem jednorazowym lub te\u017c towarzyszy\u0107 od wielu lat. W obu tych przypadkach konieczne jest znalezienie odpowiedniego rozwi\u0105zania problemu.<br><\/p>\n\n\n\n<p><strong>U kogo wrastaj\u0105 paznokcie?<br><\/strong>Problem wrastania paznokci dotyka zar\u00f3wno osoby doros\u0142e jak i dzieci,a nawet niemowl\u0119ta.<\/p>\n\n\n\n<p><br><strong>Jakie s\u0105 przyczyny wrastania paznokci?<\/strong><\/p>\n\n\n\n<ul><li>nieprawid\u0142owe obcinanie paznokci, wycinanie bok\u00f3w paznokci<\/li><li>urazy mechaniczne w obr\u0119bie p\u0142ytki paznokciowej<\/li><li>chirurgiczne zrywanie paznokci<\/li><li>nadmierny wzrost masy cia\u0142a , ci\u0105\u017ca<\/li><li>nieprawid\u0142owe obuwie<\/li><li>predyspozycje genetyczne<\/li><li>deformacje w obr\u0119bie palc\u00f3w stopy, paluch ko\u015blawy<\/li><\/ul>\n\n\n\n<p><strong>Jak leczy\u0107 wrastaj\u0105ce paznokcie?<br><\/strong>Leczenie wrastania paznokci w gabinecie podologicznym w pocz\u0105tkowej fazie, polega przede wszystkim na zniesieniu dolegliwo\u015bci b\u00f3lowych oraz wyeliminowaniu stanu zapalnego. Nast\u0119pnie, gdy istnieje taka konieczno\u015b\u0107, stosuje si\u0119 korekcj\u0119 paznokcia za pomoc\u0105 klamer ortonyksyjnych. Mechanizm dzia\u0142ania klamer, polega przede wszystkim na odkszta\u0142ceniu p\u0142ytki paznokciowej i nadaniu jej prawid\u0142owego kszta\u0142tu. W przeciwie\u0144stwie do zabiegu zrywania paznokci, b\u0105d\u017a te\u017c resekcji klinowej paznokcia, metoda ta pozwala na ca\u0142kowite wyeliminowanie problemu w przysz\u0142o\u015bci.<br>Ka\u017cdy zabieg poprzedza konsultacja podologiczna, podczas kt\u00f3rej specjalista podolog prowadzi<br>rozpoznanie oraz dobiera indywidualnie do ka\u017cdego pacjenta jak najlepszy spos\u00f3b leczenia.<\/p>\n[\/et_pb_text][\/et_pb_column][\/et_pb_row][et_pb_row _builder_version=&#8221;4.17.6&#8243; _module_preset=&#8221;default&#8221; column_structure=&#8221;1_3,1_3,1_3&#8243;][et_pb_column _builder_version=&#8221;4.17.6&#8243; _module_preset=&#8221;default&#8221; type=&#8221;1_3&#8243;][et_pb_image src=&#8221;https:\/\/podologmed.pl\/wp-content\/uploads\/2022\/10\/wrastaja\u0328cy-paznokiec\u0301-1-1-scaled.jpg&#8221; _builder_version=&#8221;4.17.6&#8243; _module_preset=&#8221;default&#8221; theme_builder_area=&#8221;post_content&#8221; hover_enabled=&#8221;0&#8243; sticky_enabled=&#8221;0&#8243;][\/et_pb_image][\/et_pb_column][et_pb_column _builder_version=&#8221;4.17.6&#8243; _module_preset=&#8221;default&#8221; type=&#8221;1_3&#8243;][et_pb_image src=&#8221;https:\/\/podologmed.pl\/wp-content\/uploads\/2022\/10\/wrastaja\u0328cypaznok-1-scaled.jpg&#8221; _builder_version=&#8221;4.17.6&#8243; _module_preset=&#8221;default&#8221; theme_builder_area=&#8221;post_content&#8221; hover_enabled=&#8221;0&#8243; sticky_enabled=&#8221;0&#8243;][\/et_pb_image][\/et_pb_column][et_pb_column _builder_version=&#8221;4.17.6&#8243; _module_preset=&#8221;default&#8221; type=&#8221;1_3&#8243;][et_pb_image src=&#8221;https:\/\/podologmed.pl\/wp-content\/uploads\/2022\/10\/wrastpaznokiec-1-scaled.jpg&#8221; _builder_version=&#8221;4.17.6&#8243; _module_preset=&#8221;default&#8221; theme_builder_area=&#8221;post_content&#8221; hover_enabled=&#8221;0&#8243; sticky_enabled=&#8221;0&#8243;][\/et_pb_image][\/et_pb_column][\/et_pb_row][\/et_pb_section]","protected":false},"excerpt":{"rendered":"<p>Co to jest wrastaj\u0105cy paznokie\u0107?Wrastaj\u0105cy paznokie\u0107 to stan w kt\u00f3rym paznokie\u0107 wbija si\u0119 (wrasta) w wa\u0142 paznokciowy w wyniku czego dochodzi cz\u0119sto do stan\u00f3w zapalnych, wysi\u0119k\u00f3w ropnych, a przy przed\u0142u\u017conym gojeniu nawet do powstania hipergranulacji tzw. \u201e dzikiego mi\u0119sa\u201d . Kto mia\u0142 cho\u0107 raz problem z wrastaj\u0105cym paznokciem dok\u0142adnie wie jak potrafi utrudni\u0107 codzienne funkcjonowanie. [&hellip;]<\/p>\n","protected":false},"author":3,"featured_media":0,"parent":0,"menu_order":0,"comment_status":"closed","ping_status":"closed","template":"","meta":{"_et_pb_use_builder":"on","_et_pb_old_content":"<!-- wp:paragraph -->\n<p><strong>Co to jest wrastaj\u0105cy paznokie\u0107?<br><\/strong>Wrastaj\u0105cy paznokie\u0107 to stan w kt\u00f3rym paznokie\u0107 wbija si\u0119 (wrasta) w wa\u0142 paznokciowy w wyniku czego dochodzi cz\u0119sto do stan\u00f3w zapalnych, wysi\u0119k\u00f3w ropnych, a przy przed\u0142u\u017conym gojeniu nawet do powstania hipergranulacji tzw. \u201e dzikiego mi\u0119sa\u201d . Kto mia\u0142 cho\u0107 raz problem z wrastaj\u0105cym paznokciem dok\u0142adnie wie jak potrafi utrudni\u0107 codzienne funkcjonowanie. Bolesno\u015b\u0107 kt\u00f3ra towarzyszy wrastaniu , pacjenci cz\u0119sto opisuj\u0105 jako promieniuj\u0105c\u0105 a\u017c do m\u00f3zgu. Wrastaj\u0105cy paznokcie\u0107 mo\u017ce by\u0107 zdarzeniem jednorazowym lub te\u017c towarzyszy\u0107 od wielu lat. W obu tych przypadkach konieczne jest znalezienie odpowiedniego rozwi\u0105zania problemu.<br><\/p>\n<!-- \/wp:paragraph -->\n\n<!-- wp:paragraph -->\n<p><strong>U kogo wrastaj\u0105 paznokcie?<br><\/strong>Problem wrastania paznokci dotyka zar\u00f3wno osoby doros\u0142e jak i dzieci,a nawet niemowl\u0119ta.<\/p>\n<!-- \/wp:paragraph -->\n\n<!-- wp:paragraph -->\n<p><br><strong>Jakie s\u0105 przyczyny wrastania paznokci?<\/strong><\/p>\n<!-- \/wp:paragraph -->\n\n<!-- wp:list -->\n<ul><li>nieprawid\u0142owe obcinanie paznokci, wycinanie bok\u00f3w paznokci<\/li><li>urazy mechaniczne w obr\u0119bie p\u0142ytki paznokciowej<\/li><li>chirurgiczne zrywanie paznokci<\/li><li>nadmierny wzrost masy cia\u0142a , ci\u0105\u017ca<\/li><li>nieprawid\u0142owe obuwie<\/li><li>predyspozycje genetyczne<\/li><li>deformacje w obr\u0119bie palc\u00f3w stopy, paluch ko\u015blawy<\/li><\/ul>\n<!-- \/wp:list -->\n\n<!-- wp:paragraph -->\n<p><strong>Jak leczy\u0107 wrastaj\u0105ce paznokcie?<br><\/strong>Leczenie wrastania paznokci w gabinecie podologicznym w pocz\u0105tkowej fazie, polega przede wszystkim na zniesieniu dolegliwo\u015bci b\u00f3lowych oraz wyeliminowaniu stanu zapalnego. Nast\u0119pnie, gdy istnieje taka konieczno\u015b\u0107, stosuje si\u0119 korekcj\u0119 paznokcia za pomoc\u0105 klamer ortonyksyjnych. Mechanizm dzia\u0142ania klamer, polega przede wszystkim na odkszta\u0142ceniu p\u0142ytki paznokciowej i nadaniu jej prawid\u0142owego kszta\u0142tu. W przeciwie\u0144stwie do zabiegu zrywania paznokci, b\u0105d\u017a te\u017c resekcji klinowej paznokcia, metoda ta pozwala na ca\u0142kowite wyeliminowanie problemu w przysz\u0142o\u015bci.<br>Ka\u017cdy zabieg poprzedza konsultacja podologiczna, podczas kt\u00f3rej specjalista podolog prowadzi<br>rozpoznanie oraz dobiera indywidualnie do ka\u017cdego pacjenta jak najlepszy spos\u00f3b leczenia.<\/p>\n<!-- \/wp:paragraph -->","_et_gb_content_width":""},"_links":{"self":[{"href":"https:\/\/podologmed.pl\/index.php\/wp-json\/wp\/v2\/pages\/81"}],"collection":[{"href":"https:\/\/podologmed.pl\/index.php\/wp-json\/wp\/v2\/pages"}],"about":[{"href":"https:\/\/podologmed.pl\/index.php\/wp-json\/wp\/v2\/types\/page"}],"author":[{"embeddable":true,"href":"https:\/\/podologmed.pl\/index.php\/wp-json\/wp\/v2\/users\/3"}],"replies":[{"embeddable":true,"href":"https:\/\/podologmed.pl\/index.php\/wp-json\/wp\/v2\/comments?post=81"}],"version-history":[{"count":3,"href":"https:\/\/podologmed.pl\/index.php\/wp-json\/wp\/v2\/pages\/81\/revisions"}],"predecessor-version":[{"id":968,"href":"https:\/\/podologmed.pl\/index.php\/wp-json\/wp\/v2\/pages\/81\/revisions\/968"}],"wp:attachment":[{"href":"https:\/\/podologmed.pl\/index.php\/wp-json\/wp\/v2\/media?parent=81"}],"curies":[{"name":"wp","href":"https:\/\/api.w.org\/{rel}","templated":true}]}}