{"id":85,"date":"2022-05-22T18:12:34","date_gmt":"2022-05-22T16:12:34","guid":{"rendered":"https:\/\/podologmed.pl\/?page_id=85"},"modified":"2022-10-09T22:32:19","modified_gmt":"2022-10-09T20:32:19","slug":"wkrecajace-paznokcie","status":"publish","type":"page","link":"https:\/\/podologmed.pl\/index.php\/wkrecajace-paznokcie\/","title":{"rendered":"WKR\u0118CAJ\u0104CE PAZNOKCIE"},"content":{"rendered":"[et_pb_section fb_built=&#8221;1&#8243; admin_label=&#8221;section&#8221; _builder_version=&#8221;4.16&#8243; global_colors_info=&#8221;{}&#8221;][et_pb_row admin_label=&#8221;row&#8221; _builder_version=&#8221;4.16&#8243; background_size=&#8221;initial&#8221; background_position=&#8221;top_left&#8221; background_repeat=&#8221;repeat&#8221; global_colors_info=&#8221;{}&#8221;][et_pb_column type=&#8221;4_4&#8243; _builder_version=&#8221;4.16&#8243; custom_padding=&#8221;|||&#8221; global_colors_info=&#8221;{}&#8221; custom_padding__hover=&#8221;|||&#8221;][et_pb_text _builder_version=&#8221;4.17.6&#8243; _module_preset=&#8221;default&#8221; hover_enabled=&#8221;0&#8243; global_colors_info=&#8221;{}&#8221; custom_padding=&#8221;||4px|||&#8221; sticky_enabled=&#8221;0&#8243;]<h1>Wkr\u0119caj\u0105ce paznokcie<\/h1>[\/et_pb_text][et_pb_text admin_label=&#8221;Text&#8221; _builder_version=&#8221;4.16&#8243; background_size=&#8221;initial&#8221; background_position=&#8221;top_left&#8221; background_repeat=&#8221;repeat&#8221; global_colors_info=&#8221;{}&#8221;]<p><\/p>\n<p>Wkr\u0119caj\u0105ce si\u0119 paznokcie maj\u0105 kszta\u0142t rurkowaty, \u015bciskaj\u0105c \u0142o\u017cysko i wbijaj\u0105c si\u0119 w wa\u0142 paznokciowy powoduj\u0105 b\u00f3l.\u00a0 P\u0142ytka paznokciowa staje si\u0119 gruba i twarda. W przypadku wkr\u0119caj\u0105cych paznokci obserwuje si\u0119 silne rogowacenie podpaznokciowe.\u00a0<\/p>\n<p><\/p>\n<p><\/p>\n<p>Najcz\u0119stszymi przyczynami wkr\u0119cania s\u0105:<\/p>\n<p>-uwarunkowania genetyczne<\/p>\n<p>-zbyt w\u0105skie i ciasne obuwie<\/p>\n<p>&#8211; urazy mechaniczne<\/p>\n<p>&#8211; infekcje grzybicze p\u0142ytek paznokciowych<\/p>\n<p>&#8211; zaburzenia w ukrwieniu stopy<\/p>\n<p>&#8211; cukrzyca<\/p>\n<p>&#8211; nieprawid\u0142owa piel\u0119gnacja<\/p>\n<p><\/p>\n<p><\/p>\n<p>Leczenie wkr\u0119caj\u0105cego paznokcia polega na zdiagnozowaniu przyczyny i zastosowaniu klamry ortonyksyjnej by podnie\u015b\u0107 wkr\u0119caj\u0105ce boki paznokcia do g\u00f3ry. Terapia przynosi wymierne korzy\u015bci, paznokie\u0107 odzyskuje sw\u00f3j prawid\u0142owy tor wzrostu i kszta\u0142t.\u00a0<\/p>\n<p><\/p>[\/et_pb_text][\/et_pb_column][\/et_pb_row][et_pb_row column_structure=&#8221;1_2,1_2&#8243; _builder_version=&#8221;4.17.6&#8243; _module_preset=&#8221;default&#8221; global_colors_info=&#8221;{}&#8221;][et_pb_column type=&#8221;1_2&#8243; _builder_version=&#8221;4.17.6&#8243; _module_preset=&#8221;default&#8221; global_colors_info=&#8221;{}&#8221;][et_pb_image src=&#8221;https:\/\/podologmed.pl\/wp-content\/uploads\/2022\/10\/wkrecajacy-1-scaled.jpg&#8221; _builder_version=&#8221;4.17.6&#8243; _module_preset=&#8221;default&#8221; theme_builder_area=&#8221;post_content&#8221; hover_enabled=&#8221;0&#8243; sticky_enabled=&#8221;0&#8243;][\/et_pb_image][\/et_pb_column][et_pb_column type=&#8221;1_2&#8243; _builder_version=&#8221;4.17.6&#8243; _module_preset=&#8221;default&#8221; global_colors_info=&#8221;{}&#8221;][et_pb_image src=&#8221;https:\/\/podologmed.pl\/wp-content\/uploads\/2022\/10\/paznokiec\u0301-wkre\u0328caja\u0328cy-scaled.jpg&#8221; _builder_version=&#8221;4.17.6&#8243; _module_preset=&#8221;default&#8221; theme_builder_area=&#8221;post_content&#8221; hover_enabled=&#8221;0&#8243; sticky_enabled=&#8221;0&#8243;][\/et_pb_image][\/et_pb_column][\/et_pb_row][\/et_pb_section]","protected":false},"excerpt":{"rendered":"<p>Wkr\u0119caj\u0105ce paznokcie Wkr\u0119caj\u0105ce si\u0119 paznokcie maj\u0105 kszta\u0142t rurkowaty, \u015bciskaj\u0105c \u0142o\u017cysko i wbijaj\u0105c si\u0119 w wa\u0142 paznokciowy powoduj\u0105 b\u00f3l.\u00a0 P\u0142ytka paznokciowa staje si\u0119 gruba i twarda. W przypadku wkr\u0119caj\u0105cych paznokci obserwuje si\u0119 silne rogowacenie podpaznokciowe.\u00a0 Najcz\u0119stszymi przyczynami wkr\u0119cania s\u0105: -uwarunkowania genetyczne -zbyt w\u0105skie i ciasne obuwie &#8211; urazy mechaniczne &#8211; infekcje grzybicze p\u0142ytek paznokciowych &#8211; zaburzenia [&hellip;]<\/p>\n","protected":false},"author":3,"featured_media":0,"parent":0,"menu_order":0,"comment_status":"closed","ping_status":"closed","template":"","meta":{"_et_pb_use_builder":"on","_et_pb_old_content":"<!-- wp:paragraph -->\n<p>Wkr\u0119caj\u0105ce si\u0119 paznokcie maj\u0105 kszta\u0142t rurkowaty, \u015bciskaj\u0105c \u0142o\u017cysko i wbijaj\u0105c si\u0119 w wa\u0142 paznokciowy powoduj\u0105 b\u00f3l.&nbsp; P\u0142ytka paznokciowa staje si\u0119 gruba i twarda. W przypadku wkr\u0119caj\u0105cych paznokci obserwuje si\u0119 silne rogowacenie podpaznokciowe.&nbsp;<\/p>\n<!-- \/wp:paragraph -->\n\n<!-- wp:paragraph -->\n<p>Najcz\u0119stszymi przyczynami wkr\u0119cania s\u0105:<\/p>\n<!-- \/wp:paragraph -->\n\n<!-- wp:paragraph -->\n<p>-uwarunkowania genetyczne<\/p>\n<!-- \/wp:paragraph -->\n\n<!-- wp:paragraph -->\n<p>-zbyt w\u0105skie i ciasne obuwie<\/p>\n<!-- \/wp:paragraph -->\n\n<!-- wp:paragraph -->\n<p>- urazy mechaniczne<\/p>\n<!-- \/wp:paragraph -->\n\n<!-- wp:paragraph -->\n<p>- infekcje grzybicze p\u0142ytek paznokciowych<\/p>\n<!-- \/wp:paragraph -->\n\n<!-- wp:paragraph -->\n<p>- zaburzenia w ukrwieniu stopy<\/p>\n<!-- \/wp:paragraph -->\n\n<!-- wp:paragraph -->\n<p>- cukrzyca<\/p>\n<!-- \/wp:paragraph -->\n\n<!-- wp:paragraph -->\n<p>- nieprawid\u0142owa piel\u0119gnacja<\/p>\n<!-- \/wp:paragraph -->\n\n<!-- wp:paragraph -->\n<p>Leczenie wkr\u0119caj\u0105cego paznokcia polega na zdiagnozowaniu przyczyny i zastosowaniu klamry ortonyksyjnej by podnie\u015b\u0107 wkr\u0119caj\u0105ce boki paznokcia do g\u00f3ry. Terapia przynosi wymierne korzy\u015bci, paznokie\u0107 odzyskuje sw\u00f3j prawid\u0142owy tor wzrostu i kszta\u0142t.&nbsp;<\/p>\n<!-- \/wp:paragraph -->","_et_gb_content_width":""},"_links":{"self":[{"href":"https:\/\/podologmed.pl\/index.php\/wp-json\/wp\/v2\/pages\/85"}],"collection":[{"href":"https:\/\/podologmed.pl\/index.php\/wp-json\/wp\/v2\/pages"}],"about":[{"href":"https:\/\/podologmed.pl\/index.php\/wp-json\/wp\/v2\/types\/page"}],"author":[{"embeddable":true,"href":"https:\/\/podologmed.pl\/index.php\/wp-json\/wp\/v2\/users\/3"}],"replies":[{"embeddable":true,"href":"https:\/\/podologmed.pl\/index.php\/wp-json\/wp\/v2\/comments?post=85"}],"version-history":[{"count":4,"href":"https:\/\/podologmed.pl\/index.php\/wp-json\/wp\/v2\/pages\/85\/revisions"}],"predecessor-version":[{"id":948,"href":"https:\/\/podologmed.pl\/index.php\/wp-json\/wp\/v2\/pages\/85\/revisions\/948"}],"wp:attachment":[{"href":"https:\/\/podologmed.pl\/index.php\/wp-json\/wp\/v2\/media?parent=85"}],"curies":[{"name":"wp","href":"https:\/\/api.w.org\/{rel}","templated":true}]}}